{"id":2,"date":"2023-11-23T14:41:41","date_gmt":"2023-11-23T13:41:41","guid":{"rendered":"http:\/\/www.yukisan-naturo.fr\/?page_id=2"},"modified":"2025-06-18T18:41:53","modified_gmt":"2025-06-18T16:41:53","slug":"alimentationmicronutrition","status":"publish","type":"page","link":"https:\/\/www.yukisan-naturo.fr\/index.php\/alimentationmicronutrition\/","title":{"rendered":"Alimentation &amp; micronutrition"},"content":{"rendered":"\n<h1 class=\"wp-block-heading\"><\/h1>\n\n\n\n<p class=\"has-text-color has-link-color has-x-large-font-size wp-elements-5706976a01976d72f53fbb85ac4592ca\" style=\"color:#d09d1c\">Alimentation &amp; Micronutrition<\/p>\n\n\n\n<p class=\"has-text-color has-link-color has-medium-font-size wp-elements-ad185ce5c3fdd61fae41e60fee903bb3\" style=\"color:#20966f\">L\u2019alimentation est le <strong>premier pilier de la naturopathie<\/strong>. Chaque jour, votre corps r\u00e9g\u00e9n\u00e8re entre <strong>50 \u00e0 70\u202fmilliards de cellules<\/strong> \u2013 un rythme vertigineux\u202f! Pour soutenir cette vitalit\u00e9, il faut bien plus que des calories : \u00e9nergie, nutriments, oxyg\u00e8ne\u2026 tout doit \u00eatre au rendez-vous, ou l\u2019on ressent\u202f: fatigue, frilosit\u00e9, baisse de m\u00e9tabolisme et immunit\u00e9 en berne.<\/p>\n\n\n<div class=\"wp-block-image is-style-rounded\">\n<figure class=\"aligncenter size-medium\"><img loading=\"lazy\" decoding=\"async\" width=\"300\" height=\"251\" src=\"https:\/\/www.yukisan-naturo.fr\/wp-content\/uploads\/2025\/06\/cellule-300x251.png\" alt=\"&quot;R\u00e9g\u00e9n\u00e9ration cellulaire gr\u00e2ce \u00e0 l\u2019alimentation&quot;\" class=\"wp-image-236\" srcset=\"https:\/\/www.yukisan-naturo.fr\/wp-content\/uploads\/2025\/06\/cellule-300x251.png 300w, https:\/\/www.yukisan-naturo.fr\/wp-content\/uploads\/2025\/06\/cellule-768x644.png 768w, https:\/\/www.yukisan-naturo.fr\/wp-content\/uploads\/2025\/06\/cellule.png 940w\" sizes=\"auto, (max-width: 300px) 100vw, 300px\" \/><\/figure>\n<\/div>\n\n\n<p class=\"has-text-align-right has-text-color has-link-color has-medium-font-size wp-elements-2ffbdc53813f6f7d5c595114c0088e6d\" style=\"color:#d09d1c\"><strong>Micronutrition : la nutrition de pr\u00e9cision<\/strong><\/p>\n\n\n\n<p class=\"has-text-align-right has-text-color has-link-color has-medium-font-size wp-elements-4bfde75860fc6ba59a4d0316ce9e709d\" style=\"color:#20966f\">Au-del\u00e0 des macronutriments (prot\u00e9ines, lipides, glucides), votre organisme r\u00e9clame des <strong>micronutriments<\/strong> : vitamines, min\u00e9raux, om\u00e9ga\u20113, polyph\u00e9nols\u2026 Une approche cibl\u00e9e permet de combler les carences, renforcer les d\u00e9fenses et dynamiser la sant\u00e9 \u00e0 l\u2019\u00e9chelle cellulaire.<\/p>\n\n\n<div class=\"wp-block-image is-style-rounded\">\n<figure class=\"aligncenter size-medium\"><img loading=\"lazy\" decoding=\"async\" width=\"300\" height=\"200\" src=\"https:\/\/www.yukisan-naturo.fr\/wp-content\/uploads\/2025\/06\/photo-alimentation-micronutrtion-300x200.jpg\" alt=\"&quot;Micronutriments : vitamines, om\u00e9ga\u20113 et min\u00e9raux naturels&quot;\" class=\"wp-image-237\" srcset=\"https:\/\/www.yukisan-naturo.fr\/wp-content\/uploads\/2025\/06\/photo-alimentation-micronutrtion-300x200.jpg 300w, https:\/\/www.yukisan-naturo.fr\/wp-content\/uploads\/2025\/06\/photo-alimentation-micronutrtion-768x512.jpg 768w, https:\/\/www.yukisan-naturo.fr\/wp-content\/uploads\/2025\/06\/photo-alimentation-micronutrtion-370x247.jpg 370w, https:\/\/www.yukisan-naturo.fr\/wp-content\/uploads\/2025\/06\/photo-alimentation-micronutrtion-776x517.jpg 776w, https:\/\/www.yukisan-naturo.fr\/wp-content\/uploads\/2025\/06\/photo-alimentation-micronutrtion.jpg 1000w\" sizes=\"auto, (max-width: 300px) 100vw, 300px\" \/><\/figure>\n<\/div>\n\n\n<p class=\"has-text-color has-link-color has-medium-font-size wp-elements-78e17388e85f85ec893bddef0bd90d74\" style=\"color:#d09d1c\"><strong>Microbiote : la cl\u00e9 de votre \u00e9quilibre<\/strong><\/p>\n\n\n\n<p class=\"has-text-color has-link-color has-medium-font-size wp-elements-d40c8e500ae03fd14a894bde1eef7aa4\" style=\"color:#20966f\">Au c\u0153ur de votre intestin r\u00e9side un \u00e9cosyst\u00e8me bact\u00e9rien essentiel. Lorsqu\u2019il est d\u00e9s\u00e9quilibr\u00e9 (dysbiose), surviennent troubles digestifs, pathologies inflammatoires (MICI) et m\u00eame des r\u00e9percussions neurologiques comme Parkinson ou Alzheimer\u00b9. Une alimentation adapt\u00e9e, alli\u00e9e \u00e0 une micronutrition cibl\u00e9e, vise \u00e0 r\u00e9tablir cet \u00e9quilibre fondamental.<\/p>\n\n\n<div class=\"wp-block-image is-style-rounded\">\n<figure class=\"aligncenter size-full is-resized\"><img loading=\"lazy\" decoding=\"async\" width=\"940\" height=\"788\" src=\"https:\/\/www.yukisan-naturo.fr\/wp-content\/uploads\/2025\/06\/flore-intestinale.png\" alt=\"&quot;Microbiote intestinal \u00e9quilibr\u00e9 et diversifi\u00e9&quot;\" class=\"wp-image-238\" style=\"width:314px;height:auto\" srcset=\"https:\/\/www.yukisan-naturo.fr\/wp-content\/uploads\/2025\/06\/flore-intestinale.png 940w, https:\/\/www.yukisan-naturo.fr\/wp-content\/uploads\/2025\/06\/flore-intestinale-300x251.png 300w, https:\/\/www.yukisan-naturo.fr\/wp-content\/uploads\/2025\/06\/flore-intestinale-768x644.png 768w\" sizes=\"auto, (max-width: 940px) 100vw, 940px\" \/><\/figure>\n<\/div>\n\n\n<p class=\"has-text-align-right has-text-color has-link-color has-large-font-size wp-elements-9ea4804b1bc00d885abbc26aa05e4608\" style=\"color:#d09d1c\">Mes solutions personnalis\u00e9es<\/p>\n\n\n\n<p class=\"has-text-align-right has-text-color has-link-color has-medium-font-size wp-elements-6ccc0d90e44fc9faf706f1bfa184b5ef\" style=\"color:#20966f\"> <strong>Bilan de vitalit\u00e9 &amp; r\u00e9\u00e9quilibrage alimentaire<\/strong><\/p>\n\n\n\n<p class=\"has-text-align-right has-text-color has-link-color has-medium-font-size wp-elements-a5fce02514c8d29f479cfac6e573747b\" style=\"color:#20966f\"><strong><strong>Programme micronutritionnel individualis\u00e9<\/strong><\/strong><\/p>\n\n\n\n<p class=\"has-text-align-right has-text-color has-link-color has-medium-font-size wp-elements-47274d7a3381f44e4a75fdc6dacc64dd\" style=\"color:#20966f\"><strong><strong><strong>Appel d\u00e9couverte gratuit<\/strong> : un moment d\u2019\u00e9coute personnalis\u00e9<\/strong><\/strong><\/p>\n\n\n\n<p class=\"has-text-align-center has-text-color has-link-color has-medium-font-size wp-elements-acef9e2e245300ee6e49686ae602fe82\" style=\"color:#20966f\">\ud83d\udc49 R\u00e9servez votre <strong>appel d\u00e9couverte<\/strong>, premi\u00e8re \u00e9tape vers plus d\u2019\u00e9nergie, un microbiote sain et un bien-\u00eatre durable.<\/p>\n\n\n<div class=\"wp-block-image is-style-rounded\">\n<figure class=\"aligncenter size-full is-resized\"><img loading=\"lazy\" decoding=\"async\" width=\"940\" height=\"788\" src=\"https:\/\/www.yukisan-naturo.fr\/wp-content\/uploads\/2025\/06\/cliente-heureuse.png\" alt=\"&quot;Femme en bonne sant\u00e9 gr\u00e2ce \u00e0 la naturopathie alimentaire&quot;\" class=\"wp-image-239\" style=\"width:407px;height:auto\" srcset=\"https:\/\/www.yukisan-naturo.fr\/wp-content\/uploads\/2025\/06\/cliente-heureuse.png 940w, https:\/\/www.yukisan-naturo.fr\/wp-content\/uploads\/2025\/06\/cliente-heureuse-300x251.png 300w, https:\/\/www.yukisan-naturo.fr\/wp-content\/uploads\/2025\/06\/cliente-heureuse-768x644.png 768w\" sizes=\"auto, (max-width: 940px) 100vw, 940px\" \/><\/figure>\n<\/div>\n\n\n<blockquote class=\"wp-block-quote has-text-align-center has-text-color has-link-color wp-elements-cd9dc8c854b8be14f64db5680d7ce9a6 is-layout-flow wp-block-quote-is-layout-flow\" style=\"color:#d09d1c\">\n<p class=\"has-text-align-center has-text-color has-link-color has-large-font-size wp-elements-5df17f870e0b20c96db6fa1a349b50c9\" style=\"color:#d09d1c\">Au final, nous sommes ce que nous mangeons !<\/p>\n<cite>De Jane Godall<\/cite><\/blockquote>\n\n\n\n<p>\u00b9 <em>Sources :<\/em><\/p>\n\n\n\n<ul class=\"wp-block-list\">\n<li><em>Gut microbiota approach \u2014 A new strategy to treat Parkinson\u2019s disease (2020)<\/em><\/li>\n\n\n\n<li><em>The microbiota-gut-brain axis and Alzheimer\u2019s disease: neuroinflammation is to blame? (2021)<\/em><\/li>\n<\/ul>\n\n\n\n<p><\/p>\n","protected":false},"excerpt":{"rendered":"<p>Alimentation &amp; Micronutrition L\u2019alimentation est le premier pilier de la naturopathie. Chaque jour, votre corps r\u00e9g\u00e9n\u00e8re entre 50 \u00e0 70\u202fmilliards de cellules \u2013 un rythme vertigineux\u202f! Pour soutenir cette vitalit\u00e9, &hellip; <\/p>\n","protected":false},"author":1,"featured_media":137,"parent":0,"menu_order":0,"comment_status":"closed","ping_status":"open","template":"","meta":{"footnotes":"[]"},"class_list":["post-2","page","type-page","status-publish","has-post-thumbnail","hentry"],"_links":{"self":[{"href":"https:\/\/www.yukisan-naturo.fr\/index.php\/wp-json\/wp\/v2\/pages\/2","targetHints":{"allow":["GET"]}}],"collection":[{"href":"https:\/\/www.yukisan-naturo.fr\/index.php\/wp-json\/wp\/v2\/pages"}],"about":[{"href":"https:\/\/www.yukisan-naturo.fr\/index.php\/wp-json\/wp\/v2\/types\/page"}],"author":[{"embeddable":true,"href":"https:\/\/www.yukisan-naturo.fr\/index.php\/wp-json\/wp\/v2\/users\/1"}],"replies":[{"embeddable":true,"href":"https:\/\/www.yukisan-naturo.fr\/index.php\/wp-json\/wp\/v2\/comments?post=2"}],"version-history":[{"count":16,"href":"https:\/\/www.yukisan-naturo.fr\/index.php\/wp-json\/wp\/v2\/pages\/2\/revisions"}],"predecessor-version":[{"id":240,"href":"https:\/\/www.yukisan-naturo.fr\/index.php\/wp-json\/wp\/v2\/pages\/2\/revisions\/240"}],"wp:featuredmedia":[{"embeddable":true,"href":"https:\/\/www.yukisan-naturo.fr\/index.php\/wp-json\/wp\/v2\/media\/137"}],"wp:attachment":[{"href":"https:\/\/www.yukisan-naturo.fr\/index.php\/wp-json\/wp\/v2\/media?parent=2"}],"curies":[{"name":"wp","href":"https:\/\/api.w.org\/{rel}","templated":true}]}}

<h1 class="wp-block-heading"></h1>



<p class="has-text-color has-link-color has-x-large-font-size wp-elements-5706976a01976d72f53fbb85ac4592ca" style="color:#d09d1c">Alimentation &amp; Micronutrition</p>



<p class="has-text-color has-link-color has-medium-font-size wp-elements-ad185ce5c3fdd61fae41e60fee903bb3" style="color:#20966f">L’alimentation est le <strong>premier pilier de la naturopathie</strong>. Chaque jour, votre corps régénère entre <strong>50 à 70 milliards de cellules</strong> – un rythme vertigineux ! Pour soutenir cette vitalité, il faut bien plus que des calories : énergie, nutriments, oxygène… tout doit être au rendez-vous, ou l’on ressent : fatigue, frilosité, baisse de métabolisme et immunité en berne.</p>


<div class="wp-block-image is-style-rounded">
<figure class="aligncenter size-medium"><img loading="lazy" decoding="async" width="300" height="251" src="https://www.yukisan-naturo.fr/wp-content/uploads/2025/06/cellule-300x251.png" alt="&quot;Régénération cellulaire grâce à l’alimentation&quot;" class="wp-image-236" srcset="https://www.yukisan-naturo.fr/wp-content/uploads/2025/06/cellule-300x251.png 300w, https://www.yukisan-naturo.fr/wp-content/uploads/2025/06/cellule-768x644.png 768w, https://www.yukisan-naturo.fr/wp-content/uploads/2025/06/cellule.png 940w" sizes="auto, (max-width: 300px) 100vw, 300px" /></figure>
</div>


<p class="has-text-align-right has-text-color has-link-color has-medium-font-size wp-elements-2ffbdc53813f6f7d5c595114c0088e6d" style="color:#d09d1c"><strong>Micronutrition : la nutrition de précision</strong></p>



<p class="has-text-align-right has-text-color has-link-color has-medium-font-size wp-elements-4bfde75860fc6ba59a4d0316ce9e709d" style="color:#20966f">Au-delà des macronutriments (protéines, lipides, glucides), votre organisme réclame des <strong>micronutriments</strong> : vitamines, minéraux, oméga‑3, polyphénols… Une approche ciblée permet de combler les carences, renforcer les défenses et dynamiser la santé à l’échelle cellulaire.</p>


<div class="wp-block-image is-style-rounded">
<figure class="aligncenter size-medium"><img loading="lazy" decoding="async" width="300" height="200" src="https://www.yukisan-naturo.fr/wp-content/uploads/2025/06/photo-alimentation-micronutrtion-300x200.jpg" alt="&quot;Micronutriments : vitamines, oméga‑3 et minéraux naturels&quot;" class="wp-image-237" srcset="https://www.yukisan-naturo.fr/wp-content/uploads/2025/06/photo-alimentation-micronutrtion-300x200.jpg 300w, https://www.yukisan-naturo.fr/wp-content/uploads/2025/06/photo-alimentation-micronutrtion-768x512.jpg 768w, https://www.yukisan-naturo.fr/wp-content/uploads/2025/06/photo-alimentation-micronutrtion-370x247.jpg 370w, https://www.yukisan-naturo.fr/wp-content/uploads/2025/06/photo-alimentation-micronutrtion-776x517.jpg 776w, https://www.yukisan-naturo.fr/wp-content/uploads/2025/06/photo-alimentation-micronutrtion.jpg 1000w" sizes="auto, (max-width: 300px) 100vw, 300px" /></figure>
</div>


<p class="has-text-color has-link-color has-medium-font-size wp-elements-78e17388e85f85ec893bddef0bd90d74" style="color:#d09d1c"><strong>Microbiote : la clé de votre équilibre</strong></p>



<p class="has-text-color has-link-color has-medium-font-size wp-elements-d40c8e500ae03fd14a894bde1eef7aa4" style="color:#20966f">Au cœur de votre intestin réside un écosystème bactérien essentiel. Lorsqu’il est déséquilibré (dysbiose), surviennent troubles digestifs, pathologies inflammatoires (MICI) et même des répercussions neurologiques comme Parkinson ou Alzheimer¹. Une alimentation adaptée, alliée à une micronutrition ciblée, vise à rétablir cet équilibre fondamental.</p>


<div class="wp-block-image is-style-rounded">
<figure class="aligncenter size-full is-resized"><img loading="lazy" decoding="async" width="940" height="788" src="https://www.yukisan-naturo.fr/wp-content/uploads/2025/06/flore-intestinale.png" alt="&quot;Microbiote intestinal équilibré et diversifié&quot;" class="wp-image-238" style="width:314px;height:auto" srcset="https://www.yukisan-naturo.fr/wp-content/uploads/2025/06/flore-intestinale.png 940w, https://www.yukisan-naturo.fr/wp-content/uploads/2025/06/flore-intestinale-300x251.png 300w, https://www.yukisan-naturo.fr/wp-content/uploads/2025/06/flore-intestinale-768x644.png 768w" sizes="auto, (max-width: 940px) 100vw, 940px" /></figure>
</div>


<p class="has-text-align-right has-text-color has-link-color has-large-font-size wp-elements-9ea4804b1bc00d885abbc26aa05e4608" style="color:#d09d1c">Mes solutions personnalisées</p>



<p class="has-text-align-right has-text-color has-link-color has-medium-font-size wp-elements-6ccc0d90e44fc9faf706f1bfa184b5ef" style="color:#20966f"> <strong>Bilan de vitalité &amp; rééquilibrage alimentaire</strong></p>



<p class="has-text-align-right has-text-color has-link-color has-medium-font-size wp-elements-a5fce02514c8d29f479cfac6e573747b" style="color:#20966f"><strong><strong>Programme micronutritionnel individualisé</strong></strong></p>



<p class="has-text-align-right has-text-color has-link-color has-medium-font-size wp-elements-47274d7a3381f44e4a75fdc6dacc64dd" style="color:#20966f"><strong><strong><strong>Appel découverte gratuit</strong> : un moment d’écoute personnalisé</strong></strong></p>



<p class="has-text-align-center has-text-color has-link-color has-medium-font-size wp-elements-acef9e2e245300ee6e49686ae602fe82" style="color:#20966f">👉 Réservez votre <strong>appel découverte</strong>, première étape vers plus d’énergie, un microbiote sain et un bien-être durable.</p>


<div class="wp-block-image is-style-rounded">
<figure class="aligncenter size-full is-resized"><img loading="lazy" decoding="async" width="940" height="788" src="https://www.yukisan-naturo.fr/wp-content/uploads/2025/06/cliente-heureuse.png" alt="&quot;Femme en bonne santé grâce à la naturopathie alimentaire&quot;" class="wp-image-239" style="width:407px;height:auto" srcset="https://www.yukisan-naturo.fr/wp-content/uploads/2025/06/cliente-heureuse.png 940w, https://www.yukisan-naturo.fr/wp-content/uploads/2025/06/cliente-heureuse-300x251.png 300w, https://www.yukisan-naturo.fr/wp-content/uploads/2025/06/cliente-heureuse-768x644.png 768w" sizes="auto, (max-width: 940px) 100vw, 940px" /></figure>
</div>


<blockquote class="wp-block-quote has-text-align-center has-text-color has-link-color wp-elements-cd9dc8c854b8be14f64db5680d7ce9a6 is-layout-flow wp-block-quote-is-layout-flow" style="color:#d09d1c">
<p class="has-text-align-center has-text-color has-link-color has-large-font-size wp-elements-5df17f870e0b20c96db6fa1a349b50c9" style="color:#d09d1c">Au final, nous sommes ce que nous mangeons !</p>
<cite>De Jane Godall</cite></blockquote>



<p>¹ <em>Sources :</em></p>



<ul class="wp-block-list">
<li><em>Gut microbiota approach — A new strategy to treat Parkinson’s disease (2020)</em></li>



<li><em>The microbiota-gut-brain axis and Alzheimer’s disease: neuroinflammation is to blame? (2021)</em></li>
</ul>



<p></p>

<p>Alimentation &amp; Micronutrition L’alimentation est le premier pilier de la naturopathie. Chaque jour, votre corps régénère entre 50 à 70 milliards de cellules – un rythme vertigineux ! Pour soutenir cette vitalité, &hellip; </p>
